27 = -j*w - 5*y, 2*w - 371 = -2*y + 141. Is w a composite number?
False
Suppose -n - 4*q + 9*q = -302, -n = 2*q - 274. Suppose 4*y = 2*p + 270, p = -3*y + n - 82. Is y prime?
True
Suppose 0 = -0*d + 5*d. Let f(y) = 18*y**3 + y**2 + y**2 - y + d*y**2. Is f(1) a composite number?
False
Let b = 9 - 2. Let g(z) = z**2 - 7*z - 4. Let w be g(b). Is -23*(-1)/(-4)*w a composite number?
False
Suppose g + 3*u - 1951 = -u, 5*g - 9680 = -5*u. Is g a composite number?
False
Let l = 13 + -9. Suppose 0 = 3*r + 2*i - 38 - 155, l*r - 2*i = 276. Is r prime?
True
Suppose 2*f - 4998 - 2936 = 0. Is f a composite number?
False
Let v be (104/6)/((-2)/(-69)). Suppose -5*t + b = -2423 + v, -365 = -t - 2*b. Is t a prime number?
False
Suppose 2*v - 435 = -v. Is v a prime number?
False
Let p be 1*2*675/(-10). Let w = p - -29. Let d = w + 269. Is d a composite number?
False
Suppose -2*b - 2*b = -4*p + 480, 5*b - 114 = -p. Is p composite?
True
Let g(u) = -u**2 - 11*u - 13. Let x be g(-9). Suppose -26 = -x*q + 9. Is q a prime number?
True
Let c(u) = 36*u**2 - 2*u - 1. Suppose 2*b - m + 6*m = -34, -5*b - 5*m - 55 = 0. Let r = b - -6. Is c(r) a composite number?
False
Suppose -3*x + 2*h + 121 = 0, -x = -3*h - 39 - 13. Is x a composite number?
False
Suppose -3*s + q + 4*q + 553 = 0, -8 = -2*q. Is s a prime number?
True
Suppose 0 = 5*x - 355 + 1200. Let o = 500 + x. Is o a composite number?
False
Let o(g) be the second derivative of g**3/6 + 2*g. Let x be o(2). Suppose -4*i - x*y = -i - 55, 2*i - 5*y = 62. Is i a prime number?
False
Suppose -2 = -2*v + 2*y + 6, y + 4 = -4*v. Suppose 0*i + i - 42 = v. Suppose 0 = 3*t - 4*o - i, t - 2*o - 14 = -0*t. Is t a prime number?
False
Let m(h) = -3*h - 3. Let w be m(-3). Let z = w + 0. Is 2/z - 152/(-3) composite?
True
Suppose 0 = -3*s - 6, -5*h + 3 = s. Is (0 + h)*187 + -2 prime?
False
Suppose -7446 = -5*p + 2*p - d, d + 7452 = 3*p. Is p a prime number?
False
Suppose 6006 = 8*a - 5506. Is a a composite number?
False
Let h(i) = -2*i**3 - 17*i**2 + 4*i + 9. Let q(u) = -3*u**3 - 25*u**2 + 6*u + 13. Let o(g) = 7*h(g) - 5*q(g). Is o(-3) composite?
False
Suppose 5*r = 4*l + 2*r + 13, -2*r + 9 = -3*l. Let m be 83/(-2)*(-5 - l). Suppose -m - 35 = -3*x. Is x prime?
True
Let t(k) = -k**3 - k. Let d be t(1). Let l(a) = -14*a - 1. Let u(f) = -13*f - 1. Let y(w) = 3*l(w) - 2*u(w). Is y(d) a prime number?
True
Let q(w) = w - 16. Let p be q(9). Is (-102)/p + 12/(-21) prime?
False
Let g = -163 - -452. Is g composite?
True
Suppose 2*c + 3*i = -0*i + 3166, -7953 = -5*c + 2*i. Is c prime?
False
Suppose -2*t = -4 - 2. Suppose -w + 2*a = -53, -3*w - t*a = -6*w + 153. Is w a prime number?
False
Suppose -2*y + 279 = -223. Is y prime?
True
Let m be ((-6)/(-4))/((-2)/(-4)). Let n(b) = -b**3 + 4*b**2 - b - 4. Let v be n(m). Suppose 0*s = -v*s + 30. Is s composite?
True
Is (4 - 1)*2309/3 composite?
False
Suppose 3*p + 264 = -252. Is (-2 - 0)*p/8 a prime number?
True
Suppose -2*u = -3*l + 4 + 2, 0 = -4*u + 2*l - 12. Let i be (-9)/(-6) + u/2. Let f(m) = -m**2 + m + 53. Is f(i) prime?
True
Let b(f) = -f**2 + 15. Let v be b(0). Suppose -5*s + 5*i = -v, -3*s - 5*i = 5 + 2. Is (-31 + 0)/(0 - s) composite?
False
Suppose 0 = -0*q - 3*q + 3. Suppose j - q = -o, 10 = 3*j + 2*o - 6*o. Is (-1 - 32)*j/(-6) prime?
True
Suppose 3*y = 3*s - 15, 0*s - 30 = -s - 4*y. Let h(o) = o**2 + 3*o - 3. Is h(s) a prime number?
True
Let x = 786 - -607. Is x composite?
True
Let s = 1693 + -1206. Is s composite?
False
Let b(k) = -16*k**2 - 14*k - k**3 - 5*k**2 + 4*k**2 + 15. Let t(u) = u**2 - 1. Let n(o) = b(o) + 6*t(o). Is n(-10) a prime number?
False
Suppose 0 = 3*f + 5*w - 1338, 4*w + 77 + 1739 = 4*f. Suppose -3*o + f = 4. Is o a composite number?
False
Suppose -2*y + 5*v = 2*y - 36, -v = -2*y + 12. Suppose 2*q + 211 = 3*n, -4*n + 0*n - y*q = -248. Is n prime?
True
Let h(k) = -k**2 - k + 185. Is h(0) composite?
True
Let n = -60 + 155. Suppose -c = -3*c - 56. Let j = n + c. Is j prime?
True
Let x = -3 + 7. Let p = 39 + -59. Is p/(-6)*(x - 1) a prime number?
False
Suppose -4*f = -20, 2*y - 2 = 2*f + 8. Let r = 20 - y. Is r a composite number?
True
Suppose 12 = 3*j + j. Suppose -j*l + 4*l - 89 = 0. Is l a prime number?
True
Suppose 1055 = w + 4*w. Is w prime?
True
Suppose -1239 = -3*y - 4*w, 0 = -y + 3*w + 2*w + 394. Is y composite?
False
Let q = 234 + 215. Is q composite?
False
Let i = -362 - -655. Is i a composite number?
False
Let x = 5 + -2. Suppose -x*a - a + 4*c = -12, -4*a - 2*c = -24. Suppose -s + 387 = 5*w, -3*w - w + 318 = a*s. Is w a composite number?
True
Let d(c) = c**3 - 9*c**2 + c - 6. Let q be 15/20 - (-66)/8. Let k be d(q). Suppose -2*m + 7 + 15 = -k*f, 2*m = -f + 22. Is m prime?
True
Let u(f) = -f**3 + 10*f**2 - 10*f + 5. Let r be u(9). Let a be 1/2*(-38)/1. Let i = r - a. Is i prime?
False
Suppose 5*i = 2*i + 45. Let p = i - 372. Let y = p + 560. Is y a composite number?
True
Let y = -464 - -675. Is y a composite number?
False
Suppose -5*r + 6 = -0*j - 2*j, -r = 2*j - 6. Is (-2)/((j/(-14))/1) a prime number?
False
Let j(l) = 24*l**2 + 13*l - 18. Is j(-13) a composite number?
True
Let p be 3/(1 - (-4)/(-6)). Let i(l) = -l**3 + 2 + 9*l**2 + 2 + 0*l**2 + 7*l. Is i(p) prime?
True
Let m be 10/4*(-8)/(-4). Is (m/10)/((-1)/(-134)) composite?
False
Suppose 2*o - 4*o + 20 = 0. Suppose -8*t - 314 = -o*t. Is t prime?
True
Suppose m = 5*m - 1240. Suppose -n - 32 = 4*c - m, 5*c = n + 343. Is c composite?
True
Suppose -4*o - 3*n + 14 = 0, 3*o + 2*n - 14 = -2*o. Let q(c) = 5*c + c**3 - 5*c**o - 19*c - 9 - c**2. Is q(10) prime?
True
Let a(i) be the first derivative of 5/3*i**3 - 3/2*i**2 + 1 - i. Is a(4) a composite number?
False
Suppose -3*h + 0*j + 3403 = -j, j + 1133 = h. Is h a prime number?
False
Let m(b) = b**3 - 7*b**2 - 7*b - 6. Let j be m(8). Is ((-4)/16)/(j/(-536)) composite?
False
Let l = 47 + -26. Let u = l + 10. Is u composite?
False
Let s = 124 - 65. Suppose 0*i + s = i. Is i prime?
True
Let y(m) = 98*m + 29*m - 10*m. Let j be y(3). Is ((-1)/3)/((-3)/j) a composite number?
True
Let g be (-1)/(-1 + (2 - 2)). Let j be (g + 4)/(4/24). Suppose 3*a + 0*a - j = 0. Is a a composite number?
True
Let p be 4*3/18*-3. Let h(l) = -108*l + 5. Is h(p) prime?
False
Let d be 0 - (-7 + (1 - 1)). Suppose -140 = 3*q - d*q. Is q composite?
True
Let x be 85/15 + 4/(-6). Suppose -28 = -2*z - x*k, 4*z - 3*k - 6 + 2 = 0. Suppose 3*l - z*v - 189 = 0, 5*v - 42 = 4*l - 295. Is l prime?
True
Let k = 27 - 19. Suppose 2*i + 4014 = k*i. Is i prime?
False
Is (4/4)/(19088/(-6364) + 3) a composite number?
True
Suppose -10*x + 5*x + 1735 = 0. Is x a composite number?
False
Is ((-2)/(-4))/((-9)/(-1602)) prime?
True
Suppose 4*r - 2*r = 5*w + 324, -3*r + w + 473 = 0. Is r composite?
False
Let m(n) = n**2 - 7*n. Let d be m(7). Suppose d*b - 3*b = -6. Suppose 4*g = b*l - 3*l + 176, 5*g - l = 211. Is g prime?
True
Let s(n) = -n**3 + 2*n**2 + n + 1. Let l be s(2). Is -1*(2 + (-261)/l) a composite number?
True
Suppose 0*p - 6 = -2*p. Suppose p*q = 2*q + 1. Is 47/(-2 + 2 + q) a composite number?
False
Let b(s) = -s**2 - 3 - 6*s - 4*s + 3*s**2. Let h(r) = 3*r**2 - 11*r - 3. Let d(m) = 4*b(m) - 3*h(m). Is d(-5) prime?
True
Let u(z) = 8 + z + 2*z - 4*z. Let b be u(6). Suppose -t + 4*r + 10 = r, -b*r = -3*t + 16. Is t prime?
False
Let c(o) = -o - 8. Let p be c(-6). Suppose -5 = -i - 2*g, i - 2*i - 3*g = -10. Is p/i - (-186)/10 prime?
True
Is 4551/12 + 1/(-4) a prime number?
True
Suppose -492 = 3*g - 9*g. Suppose -g = -5*c + 48. Is c a prime number?
False
Suppose 3*z = 2*z + i + 6, 2*i = -2. Suppose 0*r + z*r - 130 = 0. Is r a composite number?
True
Let r be 8/(2*2/(-872)). Let h be r/(-9) + 2/9. Is h/4*2/1 composite?
False
Suppose 3*b = -s + 6*s + 4723, 4713 = 3*b - 3*s. Suppose -5*v + b = -339. Is v composite?
True
Suppose -641 = -3*v - w + 3*w, 12 = -3*w. Is v prime?
True
Let t(k) = 101*k**3 - 3*k**2 + 3*k - 3. Let g be (-8)/(-6) - (-16)/24. Is t(g) a composite number?
True
Is ((-1172)/20)/((-2)/10) a composite number?
False
Suppose -3*w - 2*v = -259, w - 3*v - 66 - 35 = 0. Is w a prime number?
True
Let b = 53 - -139. Let j be -3*(-1)/(2 + -1). Suppose 0 = -j*k + 3*n + b, -k - 3*k - n = -271. Is k a prime number?
True
Suppose -4*t = -2*t - 2510. Is t a prime number?
False
Let q be 690/9*(-12)/(-8). Let p(d) = -26*d. L